the highest common factor of 440 and 1040?
40
What is the greatest common divisor of 10542439 and 43?
43
Calculate the greatest common divisor of 150381 and 5929.
539
Calculate the highest common divisor of 438 and 48472.
146
Calculate the greatest common factor of 2288 and 17072.
176
Calculate the highest common divisor of 160 and 243820.
20
Calculate the highest common factor of 3008 and 2209.
47
What is the greatest common factor of 14269 and 57?
19
Calculate the greatest common factor of 36 and 932628.
12
Calculate the greatest common divisor of 25533 and 36.
9
Calculate the greatest common divisor of 39605 and 10235.
445
Calculate the highest common divisor of 72576 and 2052.
108
Calculate the greatest common divisor of 7 and 905.
1
Calculate the greatest common divisor of 86598 and 5508.
306
What is the greatest common divisor of 459 and 1020?
51
What is the highest common divisor of 47070 and 360?
90
What is the greatest common factor of 814 and 550?
22
Calculate the highest common factor of 1950 and 33606.
6
What is the greatest common factor of 74745 and 5445?
495
What is the greatest common factor of 1348057 and 22789?
1753
Calculate the highest common factor of 210 and 178185.
105
Calculate the greatest common divisor of 3327 and 192.
3
Calculate the greatest common divisor of 5454 and 702.
54
Calculate the highest common divisor of 60 and 148788.
12
What is the greatest common factor of 29431 and 1501?
19
Calculate the greatest common factor of 143583 and 6897.
627
Calculate the highest common divisor of 17100 and 44775.
225
Calculate the greatest common factor of 3 and 517683.
3
Calculate the greatest common factor of 34447 and 98.
49
Calculate the highest common divisor of 140 and 66860.
20
What is the greatest common factor of 3509 and 709456?
319
Calculate the greatest common factor of 6 and 753418.
2
Calculate the greatest common divisor of 497 and 7313.
71
What is the greatest common divisor of 27 and 912519?
27
Calculate the highest common divisor of 39 and 2375997.
39
What is the greatest common factor of 131247 and 135?
27
Calculate the highest common factor of 26629 and 93.
31
Calculate the greatest common divisor of 8246 and 31217.
589
Calculate the highest common divisor of 415 and 1390.
5
What is the highest common divisor of 6623 and 148?
37
What is the highest common divisor of 138 and 518880?
138
What is the greatest common factor of 6466 and 106?
106
Calculate the highest common divisor of 122764 and 188.
188
What is the highest common divisor of 6116 and 9452?
556
What is the greatest common divisor of 11707 and 3013?
23
What is the highest common divisor of 1630 and 442056?
326
Calculate the highest common factor of 11538 and 1062.
18
What is the highest common divisor of 156 and 225251?
13
What is the greatest common divisor of 24465 and 12915?
105
What is the greatest common divisor of 4094 and 357157?
89
What is the greatest common divisor of 2394 and 108528?
798
What is the greatest common factor of 60 and 768?
12
Calculate the highest common divisor of 226 and 16.
2
Calculate the greatest common divisor of 20 and 251500.
20
Calculate the highest common divisor of 19131 and 105.
21
Calculate the highest common divisor of 21408 and 65339.
223
Calculate the greatest common factor of 9336 and 168.
24
What is the greatest common factor of 73856 and 656?
16
Calculate the greatest common divisor of 589 and 618884.
31
Calculate the greatest common factor of 6017 and 22.
11
What is the highest common factor of 230898 and 174?
174
Calculate the greatest common factor of 3842965 and 6195.
2065
What is the greatest common divisor of 140 and 136220?
140
Calculate the highest common divisor of 5766 and 28706.
62
What is the greatest common factor of 1140 and 14706?
114
Calculate the highest common factor of 4020072 and 112.
56
Calculate the greatest common factor of 1775 and 597820.
355
Calculate the greatest common divisor of 588 and 15676.
4
Calculate the greatest common divisor of 7068 and 31155.
93
Calculate the highest common divisor of 129280 and 1184.
32
What is the greatest common factor of 99297 and 207?
9
What is the highest common factor of 183897 and 343?
49
What is the highest common factor of 11 and 166?
1
What is the highest common divisor of 14 and 3757?
1
Calculate the greatest common factor of 571 and 3042288.
571
Calculate the highest common factor of 3404 and 46.
46
Calculate the greatest common divisor of 776 and 32107.
97
Calculate the greatest common divisor of 44 and 144782.
22
What is the highest common factor of 90546 and 570?
6
Calculate the greatest common factor of 281545 and 5.
5
What is the greatest common factor of 6 and 275864?
2
Calculate the highest common divisor of 68 and 4866896.
68
Calculate the highest common divisor of 6093482 and 278.
278
What is the greatest common factor of 680 and 514216?
136
What is the greatest common divisor of 37 and 14430?
37
Calculate the greatest common factor of 15 and 663045.
15
What is the highest common divisor of 8 and 18652?
4
What is the greatest common divisor of 16918 and 9548?
22
What is the greatest common divisor of 828 and 804?
12
Calculate the highest common divisor of 402085 and 470.
235
Calculate the highest common factor of 35446 and 1184.
74
Calculate the highest common divisor of 563059 and 441.
49
Calculate the greatest common factor of 185958 and 14.
2
Calculate the highest common factor of 7680 and 10320.
240
What is the highest common factor of 27775 and 275?
275
What is the greatest common factor of 81286 and 10864?
194
What is the greatest common factor of 96 and 41360?
16
Calculate the greatest common factor of 336 and 3294384.
48
What is the highest common divisor of 6460 and 578?
34
Calculate the highest common divisor of 459 and 1672137.
459
What is the highest common divisor of 21168 and 34992?
432
What is the highest common divisor of 53036 and 4?
4
Calculate the highest common divisor of 705555 and 45.
45
What is the highest common factor of 127218 and 1106?
14
Calculate the highest common divisor of 3980 and 1715.
5
What is the greatest common divisor of 23904 and 1440?
288
What is the highest common factor of 8 and 3098676?
4
Calculate the greatest common factor of 46560 and 23520.
480
What is the highest common factor of 4439 and 92?
23
Calculate the greatest common factor of 13251 and 400685.
631
Calculate the highest common factor of 171 and 999.
9
Calculate the highest common divisor of 6730 and 760.
10
Calculate the greatest common factor of 14658 and 1918.
14
Calculate the highest common divisor of 1788 and 204.
12
What is the greatest common factor of 3343788 and 72?
36
What is the highest common divisor of 3819172 and 252?
28
What is the greatest common divisor of 588 and 54831?
147
What is the greatest common divisor of 30522 and 1614?
6
Calculate the highest common factor of 320502 and 455.
91
What is the greatest common factor of 61182 and 4?
2
Calculate the greatest common factor of 252 and 16569.
63
What is the greatest common divisor of 48 and 158748?
12
What is the highest common factor of 17500 and 14140?
140
What is the greatest common factor of 3007 and 10961?
97
What is the greatest common divisor of 240 and 320676?
12
What is the highest common divisor of 176542 and 412?
206
Calculate the highest common divisor of 208 and 1742.
26
What is the greatest common divisor of 12 and 7302?
6
Calculate the greatest common factor of 1401743 and 196.
49
Calculate the greatest common factor of 666831 and 9185.
1837
Calculate the greatest common factor of 250924 and 14.
2
Calculate the highest common divisor of 52 and 42250.
26
What is the greatest common factor of 145696 and 145?
29
What is the greatest common divisor of 214 and 145413?
107
Calculate the highest common divisor of 20292 and 1548.
12
What is the highest common divisor of 2378321 and 44?
11
Calculate the highest common divisor of 127260 and 15.
15
Calculate the highest common divisor of 1274 and 50414.
182
What is the greatest common divisor of 25066 and 166?
166
What is the greatest common divisor of 438 and 1567821?
219
Calculate the highest common divisor of 33327 and 252.
63
Calculate the highest common factor of 9715 and 469.
67
Calculate 